{"id":10526,"date":"2022-12-08T11:47:52","date_gmt":"2022-12-08T10:47:52","guid":{"rendered":"https:\/\/radreise.dosiek.de\/?page_id=10526"},"modified":"2022-12-08T11:47:52","modified_gmt":"2022-12-08T10:47:52","slug":"2011-skagen","status":"publish","type":"page","link":"https:\/\/radreise.dosiek.de\/?page_id=10526","title":{"rendered":"2011, Skagen"},"content":{"rendered":"<h3>Dies ist der Bericht \u00fcber eine Solo-Fahrt mit dem Fahrrad von Hannover nach Skagen.<\/h3>\n<p>Die gesamte Ausr\u00fcstung wurde in zwei Sattel- und zwei Low-rider-Taschen verstaut. \u00dcbernachtet wurde auf Campingpl\u00e4tzen.<\/p>\n<hr \/>\n<p>&nbsp;<\/p>\n<h3>2. September 2011, von Hannover bis Gl\u00fcckstadt<\/h3>\n<p>Die erste Etappe verlief ohne Probleme. Da ich nicht wusste, wie weit ich kommen w\u00fcrde, hatte ich mir vorher noch keinen Campingplatz ausgesucht und mir erst nach dem \u00dcbesetzen \u00fcber die Elbe vom Garmin den n\u00e4chsten Platz zeigen lassen. So kamen noch ein paar Kilometer hinzu, bis ich schlie\u00dflich den Platz in Kollmar erreichte. Nach dem Aufbauen des Zeltes wieder aufs Rad und im F\u00e4hrhaus Kollmar zu Abend gegessen.<\/p>\n<div class=\"leaflet-map WPLeafletMap\" style=\"height:500px; width:100%;\"><\/div><script>\nwindow.WPLeafletMapPlugin = window.WPLeafletMapPlugin || [];\nwindow.WPLeafletMapPlugin.push(function WPLeafletMapShortcode() {\/*<script>*\/\nvar baseUrl = atob('aHR0cHM6Ly97c30udGlsZS5vcGVuc3RyZWV0bWFwLm9yZy97en0ve3h9L3t5fS5wbmc=');\nvar base = (!baseUrl && window.MQ) ?\n    window.MQ.mapLayer() : L.tileLayer(baseUrl,\n        L.Util.extend({}, {\n            detectRetina: 0,\n        },\n        {\"subdomains\":\"abc\",\"noWrap\":false,\"maxZoom\":20}        )\n    );\n    var options = L.Util.extend({}, {\n        layers: [base],\n        attributionControl: false\n    },\n    {\"zoomControl\":false,\"scrollWheelZoom\":true,\"doubleClickZoom\":false,\"fitBounds\":true,\"minZoom\":0,\"maxZoom\":20,\"maxBounds\":null,\"attribution\":\"<a href=\\\"http:\\\/\\\/leafletjs.com\\\" title=\\\"A JS library for interactive maps\\\">Leaflet<\\\/a>; \\u00a9 <a href=\\\"http:\\\/\\\/www.openstreetmap.org\\\/copyright\\\">OpenStreetMap<\\\/a> contributors\"},\n    {});\nwindow.WPLeafletMapPlugin.createMap(options).setView([0,0],12);window.WPLeafletMapPlugin.createScale({});});<\/script>\n[elevation gpx=\/wp-content\/uploads\/gpx\/Tr_HomeGlueckstadt 02 SEP 2011 07_58.gpx ]<br \/>\n[layerswitch ]<br \/>\n[fullscreen ]<br \/>\n[zoomhomemap =true ]\n<section class=\"mySection\" data-featherlight-gallery=\"\" data-featherlight-filter=\"a.myAImg01\">\n\t<p class=\"cFlexAufnDatum\" style=\"margin-top: 0px;margin-bottom: 0px;padding-top: 10px;\"><span class=\"cFlexSpanAufnDatum\">Aufnahmedatum 02\/09\/2011<\/span><\/p>\t<div class=\"cFlexDivProFigures\" style=\"margin-top: 0px;margin-left: 0px;margin-bottom: 0px;\">\n\t\t<div class=\"cFlexColumnProImgAndCaption\">\n\t\t\t<div class=\"cFlexDivProImg\">\n\t\t\t\t<a target=\"_blank\" href=\"wp-content\\uploads\\images\\2011\\201109\\20110902_125618.jpg\" class=\"cFlexAInCaption\" rel=\"lightbox noopener noreferrer\"><img decoding=\"async\" class=\"cFlexImg\" src=\"wp-content\\uploads\\images\\2011\\201109\\Thumbs\\20110902_125618.jpg\" alt=\"\"\/><\/a>\n\t\t\t<\/div>\n\t\t\t<p class=\"cFlexCaptiontext\"><!-- 20110902_125618hrs9g.jpg --><\/p>\n\t\t<\/div>\n\t\t<div class=\"cFlexColumnProImgAndCaption\">\n\t\t\t<div class=\"cFlexDivProImg\">\n\t\t\t\t<a target=\"_blank\" href=\"wp-content\\uploads\\images\\2011\\201109\\20110902_182427.jpg\" class=\"cFlexAInCaption\" rel=\"lightbox noopener noreferrer\"><img decoding=\"async\" class=\"cFlexImg\" src=\"wp-content\\uploads\\images\\2011\\201109\\Thumbs\\20110902_182427.jpg\" alt=\"Das Kernkraftwerk Brokdorf\"\/><\/a>\n\t\t\t<\/div>\n\t\t\t<p class=\"cFlexCaptiontext\"><!-- 20110902_182427y8sic.jpg -->Das Kernkraftwerk Brokdorf<\/p>\n\t\t<\/div>\n\t\t<div class=\"cFlexColumnProImgAndCaption\">\n\t\t\t<div class=\"cFlexDivProImg\">\n\t\t\t\t<a target=\"_blank\" href=\"wp-content\\uploads\\images\\2011\\201109\\20110902_182436.jpg\" class=\"cFlexAInCaption\" rel=\"lightbox noopener noreferrer\"><img decoding=\"async\" class=\"cFlexImg\" src=\"wp-content\\uploads\\images\\2011\\201109\\Thumbs\\20110902_182436.jpg\" alt=\"\"\/><\/a>\n\t\t\t<\/div>\n\t\t\t<p class=\"cFlexCaptiontext\"><!-- 20110902_182436xgs4n.jpg --><\/p>\n\t\t<\/div>\n\t\t<div class=\"cFlexColumnProImgAndCaption\">\n\t\t\t<div class=\"cFlexDivProImg\">\n\t\t\t\t<a target=\"_blank\" href=\"wp-content\\uploads\\images\\2011\\201109\\20110902_182733.jpg\" class=\"cFlexAInCaption\" rel=\"lightbox noopener noreferrer\"><img decoding=\"async\" class=\"cFlexImg\" src=\"wp-content\\uploads\\images\\2011\\201109\\Thumbs\\20110902_182733.jpg\" alt=\"\u00dcbersetzen \u00fcber die Elbe\"\/><\/a>\n\t\t\t<\/div>\n\t\t\t<p class=\"cFlexCaptiontext\"><!-- 20110902_182733mcs6k.jpg -->\u00dcbersetzen \u00fcber die Elbe<\/p>\n\t\t<\/div>\n\t\t<div class=\"cFlexColumnProImgAndCaption\">\n\t\t\t<div class=\"cFlexDivProImg\">\n\t\t\t\t<a target=\"_blank\" href=\"wp-content\\uploads\\images\\2011\\201109\\20110902_202045.jpg\" class=\"cFlexAInCaption\" rel=\"lightbox noopener noreferrer\"><img decoding=\"async\" class=\"cFlexImg\" src=\"wp-content\\uploads\\images\\2011\\201109\\Thumbs\\20110902_202045.jpg\" alt=\"\"\/><\/a>\n\t\t\t<\/div>\n\t\t\t<p class=\"cFlexCaptiontext\"><!-- 20110902_202045l1sxw.jpg --><\/p>\n\t\t<\/div>\n\t<\/div>\n<\/section>\n<hr \/>\n<p>&nbsp;<\/p>\n<h3>3. September 2011, von Gl\u00fcckstadt bis Diern\u00e6s<\/h3>\n<div class=\"leaflet-map WPLeafletMap\" style=\"height:500px; width:100%;\"><\/div><script>\nwindow.WPLeafletMapPlugin = window.WPLeafletMapPlugin || [];\nwindow.WPLeafletMapPlugin.push(function WPLeafletMapShortcode() {\/*<script>*\/\nvar baseUrl = atob('aHR0cHM6Ly97c30udGlsZS5vcGVuc3RyZWV0bWFwLm9yZy97en0ve3h9L3t5fS5wbmc=');\nvar base = (!baseUrl && window.MQ) ?\n    window.MQ.mapLayer() : L.tileLayer(baseUrl,\n        L.Util.extend({}, {\n            detectRetina: 0,\n        },\n        {\"subdomains\":\"abc\",\"noWrap\":false,\"maxZoom\":20}        )\n    );\n    var options = L.Util.extend({}, {\n        layers: [base],\n        attributionControl: false\n    },\n    {\"zoomControl\":false,\"scrollWheelZoom\":true,\"doubleClickZoom\":false,\"fitBounds\":true,\"minZoom\":0,\"maxZoom\":20,\"maxBounds\":null,\"attribution\":\"<a href=\\\"http:\\\/\\\/leafletjs.com\\\" title=\\\"A JS library for interactive maps\\\">Leaflet<\\\/a>; \\u00a9 <a href=\\\"http:\\\/\\\/www.openstreetmap.org\\\/copyright\\\">OpenStreetMap<\\\/a> contributors\"},\n    {});\nwindow.WPLeafletMapPlugin.createMap(options).setView([0,0],12);window.WPLeafletMapPlugin.createScale({});});<\/script>\n[elevation gpx=\/wp-content\/uploads\/gpx\/Tr_GlueckstadtDiemaes 03 SEP 2011 08_34.gpx ]<br \/>\n[layerswitch ]<br \/>\n[fullscreen ]<br \/>\n[zoomhomemap =true ]\n<section class=\"mySection\" data-featherlight-gallery=\"\" data-featherlight-filter=\"a.myAImg01\">\n\t<p class=\"cFlexAufnDatum\" style=\"margin-top: 0px;margin-bottom: 0px;padding-top: 10px;\"><span class=\"cFlexSpanAufnDatum\">Aufnahmedatum 03\/09\/2011<\/span><\/p>\t<div class=\"cFlexDivProFigures\" style=\"margin-top: 0px;margin-left: 0px;margin-bottom: 0px;\">\n\t\t<div class=\"cFlexColumnProImgAndCaption\">\n\t\t\t<div class=\"cFlexDivProImg\">\n\t\t\t\t<a target=\"_blank\" href=\"wp-content\\uploads\\images\\2011\\201109\\20110903_132925.jpg\" class=\"cFlexAInCaption\" rel=\"lightbox noopener noreferrer\"><img decoding=\"async\" class=\"cFlexImg\" src=\"wp-content\\uploads\\images\\2011\\201109\\Thumbs\\20110903_132925.jpg\" alt=\"Die gekreuzten H\u00f6rner erinnern an den bronzezeitlichen Ochsenweg\"\/><\/a>\n\t\t\t<\/div>\n\t\t\t<p class=\"cFlexCaptiontext\"><!-- 20110903_1329253isga.jpg -->Die gekreuzten H\u00f6rner erinnern an den bronzezeitlichen Ochsenweg<\/p>\n\t\t<\/div>\n\t\t<div class=\"cFlexColumnProImgAndCaption\">\n\t\t\t<div class=\"cFlexDivProImg\">\n\t\t\t\t<a target=\"_blank\" href=\"wp-content\\uploads\\images\\2011\\201109\\20110903_132933.jpg\" class=\"cFlexAInCaption\" rel=\"lightbox noopener noreferrer\"><img decoding=\"async\" class=\"cFlexImg\" src=\"wp-content\\uploads\\images\\2011\\201109\\Thumbs\\20110903_132933.jpg\" alt=\"\"\/><\/a>\n\t\t\t<\/div>\n\t\t\t<p class=\"cFlexCaptiontext\"><!-- 20110903_132933rksho.jpg --><\/p>\n\t\t<\/div>\n\t\t<div class=\"cFlexColumnProImgAndCaption\">\n\t\t\t<div class=\"cFlexDivProImg\">\n\t\t\t\t<a target=\"_blank\" href=\"wp-content\\uploads\\images\\2011\\201109\\20110903_172905.jpg\" class=\"cFlexAInCaption\" rel=\"lightbox noopener noreferrer\"><img decoding=\"async\" class=\"cFlexImg\" src=\"wp-content\\uploads\\images\\2011\\201109\\Thumbs\\20110903_172905.jpg\" alt=\"Die deutsch\/d\u00e4nische Grenze n\u00f6rdlich von Flensburg\"\/><\/a>\n\t\t\t<\/div>\n\t\t\t<p class=\"cFlexCaptiontext\"><!-- 20110903_17290517svr.jpg -->Die deutsch\/d\u00e4nische Grenze n\u00f6rdlich von Flensburg<\/p>\n\t\t<\/div>\n\t\t<div class=\"cFlexColumnProImgAndCaption\">\n\t\t\t<div class=\"cFlexDivProImg\">\n\t\t\t\t<a target=\"_blank\" href=\"wp-content\\uploads\\images\\2011\\201109\\20110903_172918.jpg\" class=\"cFlexAInCaption\" rel=\"lightbox noopener noreferrer\"><img decoding=\"async\" class=\"cFlexImg\" src=\"wp-content\\uploads\\images\\2011\\201109\\Thumbs\\20110903_172918.jpg\" alt=\"\"\/><\/a>\n\t\t\t<\/div>\n\t\t\t<p class=\"cFlexCaptiontext\"><!-- 20110903_1729187qslw.jpg --><\/p>\n\t\t<\/div>\n\t<\/div>\n<\/section>\n<hr \/>\n<h3>4. September 2011, von Diern\u00e6s bis Randers<\/h3>\n<div class=\"leaflet-map WPLeafletMap\" style=\"height:500px; width:100%;\"><\/div><script>\nwindow.WPLeafletMapPlugin = window.WPLeafletMapPlugin || [];\nwindow.WPLeafletMapPlugin.push(function WPLeafletMapShortcode() {\/*<script>*\/\nvar baseUrl = atob('aHR0cHM6Ly97c30udGlsZS5vcGVuc3RyZWV0bWFwLm9yZy97en0ve3h9L3t5fS5wbmc=');\nvar base = (!baseUrl && window.MQ) ?\n    window.MQ.mapLayer() : L.tileLayer(baseUrl,\n        L.Util.extend({}, {\n            detectRetina: 0,\n        },\n        {\"subdomains\":\"abc\",\"noWrap\":false,\"maxZoom\":20}        )\n    );\n    var options = L.Util.extend({}, {\n        layers: [base],\n        attributionControl: false\n    },\n    {\"zoomControl\":false,\"scrollWheelZoom\":true,\"doubleClickZoom\":false,\"fitBounds\":true,\"minZoom\":0,\"maxZoom\":20,\"maxBounds\":null,\"attribution\":\"<a href=\\\"http:\\\/\\\/leafletjs.com\\\" title=\\\"A JS library for interactive maps\\\">Leaflet<\\\/a>; \\u00a9 <a href=\\\"http:\\\/\\\/www.openstreetmap.org\\\/copyright\\\">OpenStreetMap<\\\/a> contributors\"},\n    {});\nwindow.WPLeafletMapPlugin.createMap(options).setView([0,0],12);window.WPLeafletMapPlugin.createScale({});});<\/script>\n[elevation gpx=\/wp-content\/uploads\/gpx\/Tr_DiemaesRanders 04 SEP 2011 08_41.gpx ]<br \/>\n[layerswitch ]<br \/>\n[fullscreen ]<br \/>\n[zoomhomemap =true ]\n<section class=\"mySection\" data-featherlight-gallery=\"\" data-featherlight-filter=\"a.myAImg01\">\n\t<p class=\"cFlexAufnDatum\" style=\"margin-top: 0px;margin-bottom: 0px;padding-top: 10px;\"><span class=\"cFlexSpanAufnDatum\">Aufnahmedatum 04\/09\/2011<\/span><\/p>\t<div class=\"cFlexDivProFigures\" style=\"margin-top: 0px;margin-left: 0px;margin-bottom: 0px;\">\n\t\t<div class=\"cFlexColumnProImgAndCaption\">\n\t\t\t<div class=\"cFlexDivProImg\">\n\t\t\t\t<a target=\"_blank\" href=\"wp-content\\uploads\\images\\2011\\201109\\20110904_065510.jpg\" class=\"cFlexAInCaption\" rel=\"lightbox noopener noreferrer\"><img decoding=\"async\" class=\"cFlexImg\" src=\"wp-content\\uploads\\images\\2011\\201109\\Thumbs\\20110904_065510.jpg\" alt=\"\"\/><\/a>\n\t\t\t<\/div>\n\t\t\t<p class=\"cFlexCaptiontext\"><!-- 20110904_0655104lsbg.jpg --><\/p>\n\t\t<\/div>\n\t\t<div class=\"cFlexColumnProImgAndCaption\">\n\t\t\t<div class=\"cFlexDivProImg\">\n\t\t\t\t<a target=\"_blank\" href=\"wp-content\\uploads\\images\\2011\\201109\\20110904_065521.jpg\" class=\"cFlexAInCaption\" rel=\"lightbox noopener noreferrer\"><img decoding=\"async\" class=\"cFlexImg\" src=\"wp-content\\uploads\\images\\2011\\201109\\Thumbs\\20110904_065521.jpg\" alt=\"\"\/><\/a>\n\t\t\t<\/div>\n\t\t\t<p class=\"cFlexCaptiontext\"><!-- 20110904_0655212xsqu.jpg --><\/p>\n\t\t<\/div>\n\t\t<div class=\"cFlexColumnProImgAndCaption\">\n\t\t\t<div class=\"cFlexDivProImg\">\n\t\t\t\t<a target=\"_blank\" href=\"wp-content\\uploads\\images\\2011\\201109\\20110904_065533.jpg\" class=\"cFlexAInCaption\" rel=\"lightbox noopener noreferrer\"><img decoding=\"async\" class=\"cFlexImg\" src=\"wp-content\\uploads\\images\\2011\\201109\\Thumbs\\20110904_065533.jpg\" alt=\"\"\/><\/a>\n\t\t\t<\/div>\n\t\t\t<p class=\"cFlexCaptiontext\"><!-- 20110904_065533xhsjp.jpg --><\/p>\n\t\t<\/div>\n\t<\/div>\n<\/section>\n<hr \/>\n<h3>5. September 2011, von Randers bis Skagen<\/h3>\n<div class=\"leaflet-map WPLeafletMap\" style=\"height:500px; width:100%;\"><\/div><script>\nwindow.WPLeafletMapPlugin = window.WPLeafletMapPlugin || [];\nwindow.WPLeafletMapPlugin.push(function WPLeafletMapShortcode() {\/*<script>*\/\nvar baseUrl = atob('aHR0cHM6Ly97c30udGlsZS5vcGVuc3RyZWV0bWFwLm9yZy97en0ve3h9L3t5fS5wbmc=');\nvar base = (!baseUrl && window.MQ) ?\n    window.MQ.mapLayer() : L.tileLayer(baseUrl,\n        L.Util.extend({}, {\n            detectRetina: 0,\n        },\n        {\"subdomains\":\"abc\",\"noWrap\":false,\"maxZoom\":20}        )\n    );\n    var options = L.Util.extend({}, {\n        layers: [base],\n        attributionControl: false\n    },\n    {\"zoomControl\":false,\"scrollWheelZoom\":true,\"doubleClickZoom\":false,\"fitBounds\":true,\"minZoom\":0,\"maxZoom\":20,\"maxBounds\":null,\"attribution\":\"<a href=\\\"http:\\\/\\\/leafletjs.com\\\" title=\\\"A JS library for interactive maps\\\">Leaflet<\\\/a>; \\u00a9 <a href=\\\"http:\\\/\\\/www.openstreetmap.org\\\/copyright\\\">OpenStreetMap<\\\/a> contributors\"},\n    {});\nwindow.WPLeafletMapPlugin.createMap(options).setView([0,0],12);window.WPLeafletMapPlugin.createScale({});});<\/script>\n[elevation gpx=\/wp-content\/uploads\/gpx\/Tr_RandersSkagen 05 SEP 2011 08_00.gpx ]<br \/>\n[layerswitch ]<br \/>\n[fullscreen ]<br \/>\n[zoomhomemap =true ]\n<section class=\"mySection\" data-featherlight-gallery=\"\" data-featherlight-filter=\"a.myAImg01\">\n\t<p class=\"cFlexAufnDatum\" style=\"margin-top: 0px;margin-bottom: 0px;padding-top: 10px;\"><span class=\"cFlexSpanAufnDatum\">Aufnahmedatum 05\/09\/2011<\/span><\/p>\t<div class=\"cFlexDivProFigures\" style=\"margin-top: 0px;margin-left: 0px;margin-bottom: 0px;\">\n\t\t<div class=\"cFlexColumnProImgAndCaption\">\n\t\t\t<div class=\"cFlexDivProImg\">\n\t\t\t\t<a target=\"_blank\" href=\"wp-content\\uploads\\images\\2011\\201109\\20110905_063458.jpg\" class=\"cFlexAInCaption\" rel=\"lightbox noopener noreferrer\"><img decoding=\"async\" class=\"cFlexImg\" src=\"wp-content\\uploads\\images\\2011\\201109\\Thumbs\\20110905_063458.jpg\" alt=\"In der K\u00fcche des Campingplatzes\"\/><\/a>\n\t\t\t<\/div>\n\t\t\t<p class=\"cFlexCaptiontext\"><!-- 20110905_063458xdsfy.jpg -->In der K\u00fcche des Campingplatzes<\/p>\n\t\t<\/div>\n\t\t<div class=\"cFlexColumnProImgAndCaption\">\n\t\t\t<div class=\"cFlexDivProImg\">\n\t\t\t\t<a target=\"_blank\" href=\"wp-content\\uploads\\images\\2011\\201109\\20110905_141838.jpg\" class=\"cFlexAInCaption\" rel=\"lightbox noopener noreferrer\"><img decoding=\"async\" class=\"cFlexImg\" src=\"wp-content\\uploads\\images\\2011\\201109\\Thumbs\\20110905_141838.jpg\" alt=\"\"\/><\/a>\n\t\t\t<\/div>\n\t\t\t<p class=\"cFlexCaptiontext\"><!-- 20110905_14183874srf.jpg --><\/p>\n\t\t<\/div>\n\t\t<div class=\"cFlexColumnProImgAndCaption\">\n\t\t\t<div class=\"cFlexDivProImg\">\n\t\t\t\t<a target=\"_blank\" href=\"wp-content\\uploads\\images\\2011\\201109\\20110905_142203.jpg\" class=\"cFlexAInCaption\" rel=\"lightbox noopener noreferrer\"><img decoding=\"async\" class=\"cFlexImg\" src=\"wp-content\\uploads\\images\\2011\\201109\\Thumbs\\20110905_142203.jpg\" alt=\"\"\/><\/a>\n\t\t\t<\/div>\n\t\t\t<p class=\"cFlexCaptiontext\"><!-- 20110905_1422032bslw.jpg --><\/p>\n\t\t<\/div>\n\t<\/div>\n<\/section>\n","protected":false},"excerpt":{"rendered":"<p>Dies ist der Bericht \u00fcber eine Solo-Fahrt mit dem Fahrrad von Hannover nach Skagen. Die gesamte Ausr\u00fcstung wurde in zwei Sattel- und zwei Low-rider-Taschen verstaut. \u00dcbernachtet wurde auf Campingpl\u00e4tzen. &nbsp; 2. September 2011, von Hannover bis Gl\u00fcckstadt Die erste Etappe&hellip; <\/p>\n","protected":false},"author":111,"featured_media":0,"parent":59,"menu_order":0,"comment_status":"closed","ping_status":"closed","template":"","meta":{"footnotes":""},"class_list":["post-10526","page","type-page","status-publish","hentry"],"_links":{"self":[{"href":"https:\/\/radreise.dosiek.de\/index.php?rest_route=\/wp\/v2\/pages\/10526","targetHints":{"allow":["GET"]}}],"collection":[{"href":"https:\/\/radreise.dosiek.de\/index.php?rest_route=\/wp\/v2\/pages"}],"about":[{"href":"https:\/\/radreise.dosiek.de\/index.php?rest_route=\/wp\/v2\/types\/page"}],"author":[{"embeddable":true,"href":"https:\/\/radreise.dosiek.de\/index.php?rest_route=\/wp\/v2\/users\/111"}],"replies":[{"embeddable":true,"href":"https:\/\/radreise.dosiek.de\/index.php?rest_route=%2Fwp%2Fv2%2Fcomments&post=10526"}],"version-history":[{"count":0,"href":"https:\/\/radreise.dosiek.de\/index.php?rest_route=\/wp\/v2\/pages\/10526\/revisions"}],"up":[{"embeddable":true,"href":"https:\/\/radreise.dosiek.de\/index.php?rest_route=\/wp\/v2\/pages\/59"}],"wp:attachment":[{"href":"https:\/\/radreise.dosiek.de\/index.php?rest_route=%2Fwp%2Fv2%2Fmedia&parent=10526"}],"curies":[{"name":"wp","href":"https:\/\/api.w.org\/{rel}","templated":true}]}}